prime factors of k?
11
Let i be (3/(-2))/((-1)/4). Suppose -3*f = -i*f + 39. What are the prime factors of f?
13
Let z(m) = -m**2 + 129. List the prime factors of z(0).
3, 43
Let p(m) = 11 + 0*m - m + m**3 - 2*m**3 - m**2. List the prime factors of p(0).
11
Let a = -46 + 82. What are the prime factors of a?
2, 3
Let n be -7 - 0/(-5 + 3). Let d = n + 11. List the prime factors of 5/((d/(-2))/(-4)).
2, 5
Suppose r - 26 - 26 = 3*c, 0 = 3*r - 5*c - 156. What are the prime factors of r?
2, 13
Let o(g) = g**3 + 2*g**2 - 4*g + 5. Let v be o(2). Let b = 0 + -7. Let a = v + b. List the prime factors of a.
2, 3
Let h(d) = -7*d. Let t be h(8). Let q = 78 + t. Suppose -4*x + 10 = -q. What are the prime factors of x?
2
Let t(q) = -3*q**2 - 8*q + 6. Let v(k) = k**2 - 1. Let g(s) = t(s) + 4*v(s). Let o be g(8). Suppose o*b = 4*b - 24. List the prime factors of b.
2, 3
Let k(u) = u**2 - 6*u + 5. Let l be k(6). Suppose 0 + l = -5*n. What are the prime factors of n/(3/21*-1)?
7
Suppose -2*o + 5*b = 27, -2*b - 27 = -o + 2*o. Let p = -5 - o. List the prime factors of p.
2
Let x = 44 - -16. What are the prime factors of x?
2, 3, 5
Let w(f) = -3*f - 6. Let q be (4 + 2)*(2 - 3). What are the prime factors of w(q)?
2, 3
Let q = 152 - 88. What are the prime factors of q?
2
Let j(h) = h**3 + h**2 + 2. Let u be j(-2). Let s = 7 + u. List the prime factors of s.
5
Suppose -3*b - 9 = 0, -2*b - 3 = 3*c + b. Suppose -c = -2*u + u. Suppose 5 = u*o - 1. What are the prime factors of o?
3
Suppose c - 8 = 20. List the prime factors of c.
2, 7
Let m = 3 + -4. Let n(y) = 7*y**2 + 2*y + 1. What are the prime factors of n(m)?
2, 3
Let m(n) = -1 + 2*n**2 - 3*n**2 - n - n**3 + 2*n**2. Let l be m(0). Let z(d) = -9*d**3 + d. List the prime factors of z(l).
2
Let n(o) = -o**3 + 5*o**2 + 3*o - 1. Let s be (-10)/4*(-1 + -1). List the prime factors of n(s).
2, 7
Let o be 6/(0 - -2*1). Suppose o*b - 12 + 3 = 0. Suppose 0 = s - 2*s + b*y + 12, 0 = -3*s + y + 28. List the prime factors of s.
3
List the prime factors of 9/(-21) + (-715)/(-35).
2, 5
Suppose 0 = -5*f - 0 + 10. Suppose -v + f*v = -36. Let z = -26 - v. What are the prime factors of z?
2, 5
Suppose -4*n + 3*b + 25 = -44, -4*n + 68 = -4*b. Suppose -n = -m + 11. Suppose 4*t = -1 + m. What are the prime factors of t?
7
Suppose -3*f = 4*a - 6, -2*f - 2*f = 8. Let o be -9 - (a - (4 + -2)). What are the prime factors of (-2)/o + (-162)/(-15)?
11
Let a = 63 - -48. What are the prime factors of a?
3, 37
Suppose j = -4*j - 65. Let f = 20 + j. List the prime factors of f.
7
Let o be (44 - -1)*8/10. Suppose -60 = -4*v + o. List the prime factors of v.
2, 3
Let o(s) = -s**2 + 3*s + 10. Let v be o(5). Suppose -3*l + 12 = -v*l + q, 0 = 3*l - 3*q. What are the prime factors of l?
3
Suppose -48 = -3*q + 120. Suppose -2*b + 80 = 4*v, 3*v + 2*b - 6 - q = 0. List the prime factors of v.
2, 3
List the prime factors of (-12 - (-12 - -4)) + -1 + 266.
3, 29
Let x(i) = -54*i - 1. What are the prime factors of x(-1)?
53
Let g be (-2 + 0)/((-4)/86). Suppose h = s - g, h = -h. What are the prime factors of s?
43
Let c(z) = -z**3 + 11*z**2 + 12*z. Let h be c(12). Suppose -3*j - 27 = -3*y, h = -0*y + 5*y - j - 25. What are the prime factors of y?
2
Let y(z) be the first derivative of 8*z**3/3 + z + 1. Suppose 4*m = -5 + 1. List the prime factors of y(m).
3
Let w(a) = 3*a - 7. Let u be w(3). List the prime factors of (3 - (u + 3)) + 18.
2
Suppose -2*i = -2*n + 182, -4*i - 347 = 5*n + 35. Let q be i/(-4) - 3/12. Let o = 32 - q. What are the prime factors of o?
3
Let d(r) be the second derivative of r + 1/12*r**4 + 3*r**2 + 0 + 1/3*r**3. What are the prime factors of d(-5)?
3, 7
Let q(x) = 2*x + 4. Let r be q(-4). List the prime factors of 1233/81 - r/(-18).
3, 5
Let a(k) = k**2 + 8*k + 3. Let y be a(-5). Let u = -1 + y. Let m = u - -20. What are the prime factors of m?
7
Suppose 0 = -8*v + 4*v - b + 175, 3*b + 3 = 0. Let g = 93 - v. What are the prime factors of g?
7
Let i = 6 - 3. Let l = 14 - i. What are the prime factors of l?
11
Let c = 40 + -1. What are the prime factors of c?
3, 13
Let d(k) = -3*k + k - 3 - k**3 + 9*k**2 + 11 - 6*k. Let f be d(6). Suppose n - 16 = -w, w - f = -4*n - n. What are the prime factors of n?
13
Let n(z) = 10*z**3 - z**2 + z. Let w(r) = 2*r - 1. Let m be w(2). Suppose m*t - 18 = 3*o, t - 2*o = 2*o + 21. List the prime factors of n(t).
2, 5
Let u(g) = -g**2 + g + 5. Let b be 0/(6/(-2) + 5). Let d be u(b). Suppose 63 - 8 = d*q. List the prime factors of q.
11
Suppose 4 = -2*s + 34. What are the prime factors of s?
3, 5
Let a(b) = b**2 - 2*b - 1. Let i be a(4). Let h = i + -2. Let m(k) = -k + 7. What are the prime factors of m(h)?
2
Let s(r) = 5*r + 1. List the prime factors of s(8).
41
Suppose 2*u + 0*j + 6 = -2*j, -5*u - 24 = -4*j. Suppose 4*l + 3 = -4*k - 5, 8 = -4*k - 3*l. Let o = k - u. What are the prime factors of o?
2
Let i(n) be the third derivative of n**4/8 - 7*n**3/6 + 3*n**2. What are the prime factors of i(5)?
2
Let b be (-2)/8 - (-42)/8. List the prime factors of -2 + 1 + (b - 1).
3
Suppose 5 = q + 4. List the prime factors of -1*q + 105/5.
2, 5
Let h(c) = 4*c**3 - 3*c**2 + 4*c - 2. Let s(v) = 3*v**3 - 4*v**2 + 3*v - 2. Let y(x) = -2*h(x) + 3*s(x). Suppose -8 = 4*z - 32. List the prime factors of y(z).
2
Let m(w) = 3*w**2 + 7*w + 6. What are the prime factors of m(-4)?
2, 13
Let j be 2*2/(1 - -1). Let s = 3 - j. What are the prime factors of -2 + 0 - (-7 + s)?
2
Let m = -60 + 212. List the prime factors of m.
2, 19
Suppose -2*w + 5*z - 2*z + 20 = 0, -3*z - 4 = 2*w. Suppose 0*s - 96 = -w*s. List the prime factors of s.
2, 3
Let d = 2 - -4. Suppose 135 = -d*f + 11*f. List the prime factors of f.
3
Let i = 1 + 8. Let x = -23 + 30. Suppose -2*k + i = -x. List the prime factors of k.
2
Suppose -5*x = -678 + 63. List the prime factors of x.
3, 41
List the prime factors of (2844/(-54))/(4/(-6)).
79
Let u(o) = -o**3 + o**2 + o - 6. Let x be u(0). Let k(c) = -c**2 - 6*c + 3. What are the prime factors of k(x)?
3
Suppose 3*l - 4*l = -17. Suppose 2*v + l = 3*v. List the prime factors of v.
17
Suppose 0 = -4*d - 6*l + 4*l + 6, 3*l = 2*d + 9. Suppose 0 = -j - d*j. Let q(w) = -w**3 - w**2 + w + 9. List the prime factors of q(j).
3
Let s = -64 + 14. Let h = -16 - s. What are the prime factors of h?
2, 17
Let h(z) = 6*z**2 + 2*z + 1. List the prime factors of h(-1).
5
Let d(s) = -2*s**3 + 7*s**2 + 11*s - 3. What are the prime factors of d(-5)?
367
Suppose 0 = 2*y - 2*w - 34, -2*w = 3*w + 5. Suppose -5*r + 2*s + y = -3*r, -6 = 2*s. What are the prime factors of r?
5
Suppose 0 = 2*d - 3*h + 2*h - 91, -d + 32 = 4*h. List the prime factors of d.
2, 11
Let y = 23 - -34. What are the prime factors of y?
3, 19
Let k(w) = -w**3 - 21*w**2 - 21*w + 30. List the prime factors of k(-20).
2, 5
Suppose 4*z + 4*i - 12 = 0, -4*z - 3*i + 7*i + 12 = 0. Let h = 36 - 14. Suppose -b = -z*b + h. List the prime factors of b.
11
Let j = 12 + -8. Let m(p) = p**3 - 3*p**2 + 3*p - 3. List the prime factors of m(j).
5
Suppose -3*y = 3*y - 234. List the prime factors of y.
3, 13
Let t(h) = -h**3 - 13*h**2 + 14*h + 5. Let z be t(-14). Suppose -24 = -z*v + 131. What are the prime factors of v?
31
Let u(v) = 10*v**2 + 5*v + 4. Let b = 8 + -10. What are the prime factors of u(b)?
2, 17
Let x(q) be the second derivative of q**4/12 - q**3/3 - q. Let l = -43 + 41. List the prime factors of x(l).
2
Suppose -2*f = -5*v + v - 10, 4*f = -4*v - 40. List the prime factors of (2 + 2 + -5)*f.
5
Let t(r) = -r - 4. Let g be t(-6). Suppose -g*i + 7 = -i. List the prime factors of i.
7
Let a be (-2)/4*(-7 + 1). Let b be 7 + (-2 - (-2 - -2)). Suppose 0 = -2*o + a*o - b. List the prime factors of o.
5
Let o(u) = u**3 - 9*u**2 - 9*u - 3. Suppose 4*t + 48 - 12 = 0. Let s = 19 + t. List the prime factors of o(s).
7
Suppose -2*n - 16 = -5*o + 2*o, 0 = -2*o - 2*n - 6. Suppose -3 + 9 = o*i. List the prime factors of i.
3
Let n be ((-5)/1)/(-1) + -3. Let f = n - -1. Suppose -t - 1 = -f. List the prime factors of t.
2
Let j be 15*(16/10 + -2). Let g(c) = 3 - 3 + 2 - c. What are the prime factors of g(j)?
2
Suppose -93 = -t + 3*o, 0 = -t - 5*o + 18 + 43. Suppose -c - 2*c = -5*a - 112, -2*c - 3*a = -t. List the prime factors of c.
3, 13
Let g(q) = -7*q**2 + q - 3. Let w(j) = 7*j**2 - j + 